Is ((-232)/8)/(48/l - -1) prime?
False
Let u be 221*19*(-155)/(-31). Suppose 2*p - u = -5*y, 3*y - 17026 + 4428 = -p. Is y composite?
False
Let n = 47719 - 32570. Is n composite?
False
Let s(i) = 2*i**2 + 3*i - 1. Let k be s(-4). Let r(d) = -9*d - 1. Let x be r(-2). Let h = k - x. Is h a composite number?
False
Let w(k) = 20*k**2 + 48*k - 589. Is w(-23) a prime number?
True
Suppose 32*q - g = 30*q + 1388, 4*g = -3*q + 2115. Is q a composite number?
True
Suppose 3*y - 33 = 4*p, p - 2 = y - 12. Is (y + (-5 - -1))*9109/3 a prime number?
True
Suppose l + u = 76145, 242*u - 238*u = l - 76125. Is l composite?
True
Let r(d) = 47453*d**2 - 5*d - 1. Is r(1) a prime number?
False
Let c(y) = y**3 + 27*y**2 - 11*y + 42. Let u be c(-19). Suppose -5*p + 43664 - u = 0. Is p a prime number?
False
Suppose 7*o - 136*f = -139*f + 3175337, 5*o - 2268079 = f. Is o a composite number?
False
Let a = 92 + 100. Let w(x) = x**3 - 7*x**2 + 2*x + 9. Let m be w(5). Let l = a - m. Is l a prime number?
True
Let m(o) = 2342*o**3 - 3*o**2 - 8*o. Let u be m(-2). Let g = -8489 - u. Is g prime?
True
Is (-683052)/(-18)*(-27)/(-18) prime?
True
Suppose 0 = d + 3, -d = -4*s + 4115934 - 734599. Is s composite?
False
Let k(l) = 57*l**2 - 1296*l - 270. Is k(-119) a prime number?
False
Let c = -26 + 36. Suppose c = g + g. Suppose 0 = 4*x - o - 3642, -2*x - x - g*o + 2743 = 0. Is x a composite number?
False
Let m = -94434 - -348283. Is m prime?
False
Suppose -169*l + 8880813 = -328*l + 168*l. Is l a composite number?
True
Let p(n) = -n**2 + n + 1. Let y = -42 - -40. Let c(j) = 3*j**2 - 4*j - 715. Let w(r) = y*p(r) - c(r). Is w(0) composite?
True
Let h be 2/(-4) + (-2 - 717/(-6)). Is -100 + 108 + h*15 composite?
True
Let l(w) = 7*w - 33. Let h be l(7). Let k(n) = 433*n + 69. Is k(h) prime?
True
Let u be (2/4)/((-18)/(-141012)). Suppose -u = -5*n + 1493. Is (1 + -3)*n/(-4) prime?
True
Let r = -71159 - -255568. Is r composite?
False
Suppose p = -3*d + 13, 5*p + d - 8 = 5*d. Let j(k) = -529*k - 6. Let u(b) = 7*b - 1. Let h(t) = -j(t) - 3*u(t). Is h(p) composite?
True
Let w(z) = -z**2 + 5*z + 50. Let h be w(-6). Suppose 0*g - 297 = -3*g. Let d = h + g. Is d composite?
False
Let r be ((-10)/5)/(-2)*(-17 - 4). Is (-71349)/r + 12/28 prime?
False
Let z(s) = 618*s**3 + 3*s**2 - 8. Let g be z(-2). Let u = g + 13187. Is u prime?
False
Let j(r) = -r**3 + 14*r**2 + 33*r + 12. Let c be j(16). Suppose -42*v = -c*v - 17626. Is v composite?
False
Suppose 0 = -7*w + 5*w - 2*j + 1262, -2*w + 1282 = -3*j. Is w a composite number?
True
Suppose -4455 - 495 = 11*h. Let n = 52 - h. Is n a prime number?
False
Is (1984115 + 41)*5/35 - (-1)/7 a composite number?
True
Let i = -18 + 13. Suppose -97 + 71 = 26*w. Is 1*w - 108*95/i a prime number?
False
Suppose -6*v - 7 = 5. Let n = 4 + v. Is -7690*n/(-36) + (-4)/18 composite?
True
Let o(c) = 3*c**2 + 11*c + 17. Let n be o(-7). Let s be 3/(36/n)*8. Suppose 59*a - 393 = s*a. Is a composite?
True
Let l = 197 - 319. Let b = 41 - l. Suppose -445 = 158*c - b*c. Is c a composite number?
False
Suppose -2*x + 45893 = -2*r - 64081, -5*x + 3*r = -274943. Is x prime?
False
Let o be (-4)/(-18) - (-6)/(378/175). Suppose -o*z + 7767 = -0*z. Let k = 574 + z. Is k a composite number?
False
Let c = 478 + 18533. Is c composite?
True
Let a(j) = -4570*j + 57. Let x be a(-4). Let h = x + -2322. Is h composite?
True
Suppose 5*l - 10 = 15. Let i be (-10)/3*(-99)/66. Suppose l*o = -i*k + 8795, 0*o - 3*o + 5281 = k. Is o composite?
True
Let a = 113748 + -61259. Is a a prime number?
True
Suppose -4832 = -6*o + 5236. Let n = 4137 + o. Is n a prime number?
False
Let o(p) = -787*p - 27. Let c be o(-2). Let r = c + -874. Is r a prime number?
True
Let h = -128 - -131. Is (-1 - (-31059)/6 - h)*2 a prime number?
False
Let o = -162 - -168. Is (90649/(-38))/(3 - 21/o) a composite number?
True
Let z(a) = -20*a**3 + 92*a**2 + 79*a + 163. Let h(n) = 7*n**3 - 31*n**2 - 26*n - 55. Let c(r) = -11*h(r) - 4*z(r). Is c(22) prime?
True
Let d = 126953 - 51132. Is d a prime number?
True
Suppose 0 = -488*k + 320*k + 60328968. Is k composite?
False
Let t(p) = 551*p**2 - 90*p + 2. Is t(9) a composite number?
True
Suppose -12*n = -n - 726. Suppose -n*j = -73*j + 3731. Is j composite?
True
Let i = -230 - -233. Suppose -i*n + 2*j + 9391 = 0, 10*j = 5*n + 8*j - 15645. Is n prime?
False
Let d(t) = 253*t**3 + 17*t**2 - 56*t - 9. Is d(7) a composite number?
False
Let n = -604387 + 1088790. Is n a prime number?
False
Suppose 351040 + 610467 = 11*n + 323694. Is n composite?
True
Suppose 118*m - 58*m - 154630020 = 0. Is m composite?
False
Let o(z) = -881*z**2 - 3*z - 2. Let y be o(4). Let x = y + 19889. Is x a composite number?
False
Suppose -81829 = -5*t - 12879. Suppose -2*a + 5517 = b, -2*a = 3*a + 3*b - t. Is a a prime number?
False
Is 4 - (6314775/(-20) - 5/20) prime?
True
Let r be 340/120 + 2/12 - -15679. Suppose -2*z - 6116 + r = 0. Is z prime?
True
Let g(v) = v**3 - v**2 - 2*v + 16824. Let w be g(0). Suppose -12*f - w = -100572. Is f a prime number?
False
Is (271768/280)/(1 - 4/5) a prime number?
False
Suppose 0 = -21*t + 8925665 + 2020858. Is t a prime number?
False
Let l(y) = -317*y**3 + 2*y**2 + y - 2. Let z be l(-1). Let o = z + -110. Suppose 0 = -c + 407 + o. Is c composite?
False
Suppose 0 = -4*z + 5*t - 1373 - 2225, 5*t + 887 = -z. Let d = -180 - z. Suppose -6*m = -1545 - d. Is m a composite number?
True
Let f = 148 - 133. Let y(h) = 180*h**2 - 49*h + 46. Is y(f) composite?
True
Let l(d) be the first derivative of -101*d**2/2 - 74*d - 62. Is l(-17) prime?
False
Let x be (-555 - 2)*(50*-1)/5. Let r = -1015 + x. Is r prime?
False
Let b = 34288 - -168155. Is b prime?
False
Let y = 278 + 5213. Suppose 0 = 5*x - 7279 - y. Is x a prime number?
False
Let h(w) = 5*w + 4. Let s(r) = -6*r - 4. Let f(i) = -3*h(i) - 2*s(i). Let j be f(-8). Suppose j*g - 17*g = 1005. Is g prime?
False
Let k be 0/((-3 - -4)*-2) - 5. Is (471/k)/(((-15)/5)/15) composite?
True
Let r = 111 - 94. Suppose -r*u = -78693 - 9078. Is u prime?
False
Suppose -2*y - 4*c + 9*c + 46 = 0, 5*y + 3*c - 53 = 0. Suppose -y = -2*k - 3*b, b - 3 = 5*k - 10. Suppose k*p = 7*p - 8885. Is p prime?
True
Let z be 1*(-3)/(-9) + 55/(-3). Let n = -26 - z. Is (32080/(-18))/n + (-4)/(-18) prime?
True
Let a(t) = 271 - 149 - 137 + 162*t. Suppose 5*v - 3 = 2*v - 2*m, -4*v = -m - 15. Is a(v) a prime number?
False
Let p(k) = -17*k - 165. Let m be p(-10). Let j(y) = 646*y - 31. Is j(m) prime?
False
Suppose -10*g + 34*g = 375192. Is -2 + 10/(30/g) composite?
False
Suppose -5*p - 17 = -17. Suppose 2*j - 5589 + 307 = p. Let s = 3842 - j. Is s a composite number?
False
Let i = -28668 + 50903. Is i a composite number?
True
Is -5*((-3923480)/50 + 3) a prime number?
True
Let k be (-35)/(-2)*(-33816)/(-84). Let p = k - -3748. Is p a composite number?
True
Suppose 0 = y - 2*y + 81. Let w = -60 + y. Suppose -w = 4*o - 145. Is o a prime number?
True
Let r(v) = -18*v + v**3 + 2*v + 0*v**3 + 14 + 18*v**2. Suppose 0 = 29*q + 136 + 241. Is r(q) composite?
True
Suppose -3*k + 5 = 2*k. Is (-2 - k/1) + -7 + 2091 a prime number?
True
Let v(n) = 1499*n**2 - 8*n - 35. Let z be v(-4). Suppose -32*j = -25203 - z. Is j a composite number?
True
Let x(g) = g**3 + 81*g**2 - 115*g - 664. Is x(-59) a composite number?
True
Let b(d) = -265537*d - 2512. Is b(-5) a composite number?
False
Suppose -42 - 102 = -24*m. Suppose 0 = -4*w - 5*f + 51822, 3*f - m*f = 4*w - 51818. Is w prime?
True
Is 3132/390 - (-8)/(-260) - (-1442146)/2 prime?
False
Let o be (48/20)/(2/5). Let b(i) = -o + 3 - 10*i + 2 + 4*i**3 - 3*i**3 + 5*i**2. Is b(7) a prime number?
False
Suppose -3*i + 6 = 2*h - 0*i, 0 = -3*h + i - 2. Suppose h = -5*j, -u - 83 + 486 = -j. Is u a composite number?
True
Let i = 24326 + 19737. Is i prime?
False
Let m(x) = -516*x - 6. Suppose 2 = 5*v - 8. Let z be m(v). Let l = z + 1715. Is l prime?
True
Suppose -8 = r, -114*r = -2*h - 113*r + 1483614. Is h prime?
True
Let r(l) = -l**3 - 26*l**2 + 66*l + 40. Let t = -736 - -707. Is r(t) prime?
False
Let d be (-1 + 17)/((-14)/(-308))*4. Suppose 3*a = -l + d, -3*l - a = -1630 - 2570. Is l prime?
True
Suppose -5*i - 2*i + 168 = 0. Let v(d) = 1 - i*d**3 - 7*d**2 + 6 - 3 - 22*d**3. Is v(-5) a prime number?
False
Suppose -11961833 = -388*x - 310581. Is x a prime number?
Tru